{"id":2185,"date":"2021-04-02T13:53:31","date_gmt":"2021-04-02T11:53:31","guid":{"rendered":"https:\/\/www.boutique.luceetcompagnie.fr\/?post_type=product&#038;p=2185"},"modified":"2021-04-19T11:42:30","modified_gmt":"2021-04-19T09:42:30","slug":"sac-a-main-cuir-sequoia","status":"publish","type":"product","link":"https:\/\/www.boutique.luceetcompagnie.fr\/index.php\/produit\/sac-a-main-cuir-sequoia\/","title":{"rendered":"Sac \u00e0 main cuir \u00ab\u00a0Sequoia\u00a0\u00bb"},"content":{"rendered":"<div class=\"\" dir=\"auto\">\n<div id=\"jsc_c_r4\" class=\"ecm0bbzt hv4rvrfc ihqw7lf3 dati1w0a\" data-ad-comet-preview=\"message\" data-ad-preview=\"message\">\n<div class=\"j83agx80 cbu4d94t ew0dbk1b irj2b8pg\">\n<div class=\"qzhwtbm6 knvmm38d\">\n<div class=\"kvgmc6g5 cxmmr5t8 oygrvhab hcukyx3x c1et5uql ii04i59q\">\n<div dir=\"auto\">Tr\u00e8s joli sac en cuir couleur caramel<\/div>\n<div dir=\"auto\">De la marque \u00ab\u00a0Sequoia\u00a0\u00bb<\/div>\n<div dir=\"auto\">54.90\u20ac chez Luce &amp; Cie \/\/ 255\u20ac sur site de la marque<\/div>\n<div dir=\"auto\"><\/div>\n<\/div>\n<\/div>\n<\/div>\n<\/div>\n<\/div>\n<p>Tr\u00e8s bon \u00e9tat<\/p>\n<p>(Article d\u00e9pos\u00e9 \u00e0 la boutique)<\/p>\n","protected":false},"excerpt":{"rendered":"<p>Tr\u00e8s joli sac en cuir couleur caramel De la marque \u00ab\u00a0Sequoia\u00a0\u00bb 54.90\u20ac chez Luce &amp; Cie \/\/ 255\u20ac sur site&hellip;<\/p>\n","protected":false},"featured_media":2187,"template":"","meta":{"spay_email":""},"_links":{"self":[{"href":"https:\/\/www.boutique.luceetcompagnie.fr\/index.php\/wp-json\/wp\/v2\/product\/2185"}],"collection":[{"href":"https:\/\/www.boutique.luceetcompagnie.fr\/index.php\/wp-json\/wp\/v2\/product"}],"about":[{"href":"https:\/\/www.boutique.luceetcompagnie.fr\/index.php\/wp-json\/wp\/v2\/types\/product"}],"wp:featuredmedia":[{"embeddable":true,"href":"https:\/\/www.boutique.luceetcompagnie.fr\/index.php\/wp-json\/wp\/v2\/media\/2187"}],"wp:attachment":[{"href":"https:\/\/www.boutique.luceetcompagnie.fr\/index.php\/wp-json\/wp\/v2\/media?parent=2185"}],"curies":[{"name":"wp","href":"https:\/\/api.w.org\/{rel}","templated":true}]}}