{"id":385,"date":"2020-10-30T23:05:23","date_gmt":"2020-10-30T22:05:23","guid":{"rendered":"https:\/\/www.boutique.luceetcompagnie.fr\/?post_type=product&#038;p=385"},"modified":"2020-11-15T16:46:39","modified_gmt":"2020-11-15T15:46:39","slug":"boucles-doreilles-creoles-ecaille-gris","status":"publish","type":"product","link":"https:\/\/www.boutique.luceetcompagnie.fr\/index.php\/produit\/boucles-doreilles-creoles-ecaille-gris\/","title":{"rendered":"Boucles d\u2019oreilles cr\u00e9oles \u00e9caille gris"},"content":{"rendered":"<p>Boucles d\u2019oreilles cr\u00e9oles \u00e9caille gris dor\u00e9<\/p>\n<p>Fabrication artisanale \u00ab\u00a0Perles and Flo\u00a0\u00bb<\/p>\n<p>Neuve et unique<\/p>\n<p>Laiton dor\u00e9 \/ r\u00e9sine \u00e9poxy<\/p>\n","protected":false},"excerpt":{"rendered":"<p>Boucles d\u2019oreilles cr\u00e9oles \u00e9caille gris dor\u00e9 Fabrication artisanale \u00ab\u00a0Perles and Flo\u00a0\u00bb Neuve et unique Laiton dor\u00e9 \/ r\u00e9sine \u00e9poxy<\/p>\n","protected":false},"featured_media":352,"template":"","meta":{"spay_email":""},"_links":{"self":[{"href":"https:\/\/www.boutique.luceetcompagnie.fr\/index.php\/wp-json\/wp\/v2\/product\/385"}],"collection":[{"href":"https:\/\/www.boutique.luceetcompagnie.fr\/index.php\/wp-json\/wp\/v2\/product"}],"about":[{"href":"https:\/\/www.boutique.luceetcompagnie.fr\/index.php\/wp-json\/wp\/v2\/types\/product"}],"wp:featuredmedia":[{"embeddable":true,"href":"https:\/\/www.boutique.luceetcompagnie.fr\/index.php\/wp-json\/wp\/v2\/media\/352"}],"wp:attachment":[{"href":"https:\/\/www.boutique.luceetcompagnie.fr\/index.php\/wp-json\/wp\/v2\/media?parent=385"}],"curies":[{"name":"wp","href":"https:\/\/api.w.org\/{rel}","templated":true}]}}