{"id":614,"date":"2020-10-31T14:24:52","date_gmt":"2020-10-31T13:24:52","guid":{"rendered":"https:\/\/www.boutique.luceetcompagnie.fr\/?post_type=product&#038;p=614"},"modified":"2020-11-19T13:52:19","modified_gmt":"2020-11-19T12:52:19","slug":"foulard-noir-marron-geometrique-pois","status":"publish","type":"product","link":"https:\/\/www.boutique.luceetcompagnie.fr\/index.php\/produit\/foulard-noir-marron-geometrique-pois\/","title":{"rendered":"Foulard noir marron g\u00e9om\u00e9trique pois"},"content":{"rendered":"<p>Foulard noir, marron, orange motifs g\u00e9om\u00e9trique \/ pois .<\/p>\n<p>Petits pompons dor\u00e9s<\/p>\n<p>Fluide, doux et agr\u00e9able !<\/p>\n","protected":false},"excerpt":{"rendered":"<p>Foulard noir, marron, orange motifs g\u00e9om\u00e9trique \/ pois . Petits pompons dor\u00e9s Fluide, doux et agr\u00e9able !<\/p>\n","protected":false},"featured_media":545,"template":"","meta":{"spay_email":""},"_links":{"self":[{"href":"https:\/\/www.boutique.luceetcompagnie.fr\/index.php\/wp-json\/wp\/v2\/product\/614"}],"collection":[{"href":"https:\/\/www.boutique.luceetcompagnie.fr\/index.php\/wp-json\/wp\/v2\/product"}],"about":[{"href":"https:\/\/www.boutique.luceetcompagnie.fr\/index.php\/wp-json\/wp\/v2\/types\/product"}],"wp:featuredmedia":[{"embeddable":true,"href":"https:\/\/www.boutique.luceetcompagnie.fr\/index.php\/wp-json\/wp\/v2\/media\/545"}],"wp:attachment":[{"href":"https:\/\/www.boutique.luceetcompagnie.fr\/index.php\/wp-json\/wp\/v2\/media?parent=614"}],"curies":[{"name":"wp","href":"https:\/\/api.w.org\/{rel}","templated":true}]}}