{"id":810,"date":"2020-11-01T16:15:43","date_gmt":"2020-11-01T15:15:43","guid":{"rendered":"https:\/\/www.boutique.luceetcompagnie.fr\/?post_type=product&#038;p=810"},"modified":"2021-04-01T16:08:12","modified_gmt":"2021-04-01T14:08:12","slug":"lacets-elastiques-jaune-moutarde-uni","status":"publish","type":"product","link":"https:\/\/www.boutique.luceetcompagnie.fr\/index.php\/produit\/lacets-elastiques-jaune-moutarde-uni\/","title":{"rendered":"Lacets \u00e9lastiques jaune moutarde uni"},"content":{"rendered":"<p>Lacets \u00e9lastiques fermeture magn\u00e9tique, jaune moutarde uni<\/p>\n<p>Pour adultes en enfants<\/p>\n<p><span data-spm-anchor-id=\"a2g0o.detail.1000023.i3.2e5c77b2RLnMUz\"> Le kit comprend : 2 lacets (1 paire), 2 fermoirs et le tournevis avec les vis<\/span><\/p>\n","protected":false},"excerpt":{"rendered":"<p>Lacets \u00e9lastiques fermeture magn\u00e9tique, jaune moutarde uni Pour adultes en enfants Le kit comprend : 2 lacets (1 paire), 2&hellip;<\/p>\n","protected":false},"featured_media":779,"template":"","meta":{"spay_email":""},"_links":{"self":[{"href":"https:\/\/www.boutique.luceetcompagnie.fr\/index.php\/wp-json\/wp\/v2\/product\/810"}],"collection":[{"href":"https:\/\/www.boutique.luceetcompagnie.fr\/index.php\/wp-json\/wp\/v2\/product"}],"about":[{"href":"https:\/\/www.boutique.luceetcompagnie.fr\/index.php\/wp-json\/wp\/v2\/types\/product"}],"wp:featuredmedia":[{"embeddable":true,"href":"https:\/\/www.boutique.luceetcompagnie.fr\/index.php\/wp-json\/wp\/v2\/media\/779"}],"wp:attachment":[{"href":"https:\/\/www.boutique.luceetcompagnie.fr\/index.php\/wp-json\/wp\/v2\/media?parent=810"}],"curies":[{"name":"wp","href":"https:\/\/api.w.org\/{rel}","templated":true}]}}