{"id":819,"date":"2020-11-01T20:21:06","date_gmt":"2020-11-01T19:21:06","guid":{"rendered":"https:\/\/www.boutique.luceetcompagnie.fr\/?post_type=product&#038;p=819"},"modified":"2020-11-04T22:48:53","modified_gmt":"2020-11-04T21:48:53","slug":"lacets-elastiques-kaki-uni","status":"publish","type":"product","link":"https:\/\/www.boutique.luceetcompagnie.fr\/index.php\/produit\/lacets-elastiques-kaki-uni\/","title":{"rendered":"Lacets \u00e9lastiques kaki uni"},"content":{"rendered":"<p>Lacets \u00e9lastiques fermeture magn\u00e9tique, kaki uni<\/p>\n<p>Pour adultes en enfants<\/p>\n<p><span data-spm-anchor-id=\"a2g0o.detail.1000023.i3.2e5c77b2RLnMUz\"> Le kit comprend : 2 lacets (1 paire), 2 fermoirs et le tournevis avec les vis<\/span><\/p>\n","protected":false},"excerpt":{"rendered":"<p>Lacets \u00e9lastiques fermeture magn\u00e9tique, kaki uni Pour adultes en enfants Le kit comprend : 2 lacets (1 paire), 2 fermoirs&hellip;<\/p>\n","protected":false},"featured_media":785,"template":"","meta":{"spay_email":""},"_links":{"self":[{"href":"https:\/\/www.boutique.luceetcompagnie.fr\/index.php\/wp-json\/wp\/v2\/product\/819"}],"collection":[{"href":"https:\/\/www.boutique.luceetcompagnie.fr\/index.php\/wp-json\/wp\/v2\/product"}],"about":[{"href":"https:\/\/www.boutique.luceetcompagnie.fr\/index.php\/wp-json\/wp\/v2\/types\/product"}],"wp:featuredmedia":[{"embeddable":true,"href":"https:\/\/www.boutique.luceetcompagnie.fr\/index.php\/wp-json\/wp\/v2\/media\/785"}],"wp:attachment":[{"href":"https:\/\/www.boutique.luceetcompagnie.fr\/index.php\/wp-json\/wp\/v2\/media?parent=819"}],"curies":[{"name":"wp","href":"https:\/\/api.w.org\/{rel}","templated":true}]}}